[INFO] cloning repository https://github.com/Kemperino/conductor-rs
[INFO] running `Command { std: "git" "-c" "credential.helper=" "-c" "credential.helper=/workspace/cargo-home/bin/git-credential-null" "clone" "--bare" "https://github.com/Kemperino/conductor-rs" "/workspace/cache/git-repos/https%3A%2F%2Fgithub.com%2FKemperino%2Fconductor-rs", kill_on_drop: false }`
[INFO] [stderr] Cloning into bare repository '/workspace/cache/git-repos/https%3A%2F%2Fgithub.com%2FKemperino%2Fconductor-rs'...
[INFO] running `Command { std: "git" "rev-parse" "HEAD", kill_on_drop: false }`
[INFO] [stdout] 5d0e70d50c8d429fb8d27422e05ae130c5f327a7
[INFO] checking Kemperino/conductor-rs against 40527f3e444fde1deb361751bdef9b9e11d1b971+rustflags=--cfg crater_hack --force-warn invalid-c-variadic-arguments for pr-162478
[INFO] running `Command { std: "git" "clone" "/workspace/cache/git-repos/https%3A%2F%2Fgithub.com%2FKemperino%2Fconductor-rs" "/workspace/builds/worker-6-tc2/source", kill_on_drop: false }`
[INFO] [stderr] Cloning into '/workspace/builds/worker-6-tc2/source'...
[INFO] [stderr] done.
[INFO] started tweaking git repo https://github.com/Kemperino/conductor-rs
[INFO] finished tweaking git repo https://github.com/Kemperino/conductor-rs
[INFO] tweaked toml for git repo https://github.com/Kemperino/conductor-rs written to /workspace/builds/worker-6-tc2/source/Cargo.toml
[INFO] validating manifest of git repo https://github.com/Kemperino/conductor-rs on toolchain 40527f3e444fde1deb361751bdef9b9e11d1b971
[INFO] running `Command { std: CARGO_HOME="/workspace/cargo-home" RUSTUP_HOME="/workspace/rustup-home" "/workspace/cargo-home/bin/cargo" "+40527f3e444fde1deb361751bdef9b9e11d1b971" "metadata" "--manifest-path" "Cargo.toml" "--no-deps", kill_on_drop: false }`
[INFO] crate git repo https://github.com/Kemperino/conductor-rs already has a lockfile, it will not be regenerated
[INFO] running `Command { std: CARGO_HOME="/workspace/cargo-home" RUSTUP_HOME="/workspace/rustup-home" "/workspace/cargo-home/bin/cargo" "+40527f3e444fde1deb361751bdef9b9e11d1b971" "fetch" "--manifest-path" "Cargo.toml", kill_on_drop: false }`
[INFO] [stderr]     Blocking waiting for file lock on package cache
[ERROR] error running command: no output for 300 seconds
[INFO] checking Kemperino/conductor-rs against 40527f3e444fde1deb361751bdef9b9e11d1b971+rustflags=--cfg crater_hack --force-warn invalid-c-variadic-arguments for pr-162478
[INFO] running `Command { std: "git" "clone" "/workspace/cache/git-repos/https%3A%2F%2Fgithub.com%2FKemperino%2Fconductor-rs" "/workspace/builds/worker-6-tc2/source", kill_on_drop: false }`
[INFO] [stderr] Cloning into '/workspace/builds/worker-6-tc2/source'...
[INFO] [stderr] done.
[INFO] started tweaking git repo https://github.com/Kemperino/conductor-rs
[INFO] finished tweaking git repo https://github.com/Kemperino/conductor-rs
[INFO] tweaked toml for git repo https://github.com/Kemperino/conductor-rs written to /workspace/builds/worker-6-tc2/source/Cargo.toml
[INFO] validating manifest of git repo https://github.com/Kemperino/conductor-rs on toolchain 40527f3e444fde1deb361751bdef9b9e11d1b971
[INFO] running `Command { std: CARGO_HOME="/workspace/cargo-home" RUSTUP_HOME="/workspace/rustup-home" "/workspace/cargo-home/bin/cargo" "+40527f3e444fde1deb361751bdef9b9e11d1b971" "metadata" "--manifest-path" "Cargo.toml" "--no-deps", kill_on_drop: false }`
[INFO] crate git repo https://github.com/Kemperino/conductor-rs already has a lockfile, it will not be regenerated
[INFO] running `Command { std: CARGO_HOME="/workspace/cargo-home" RUSTUP_HOME="/workspace/rustup-home" "/workspace/cargo-home/bin/cargo" "+40527f3e444fde1deb361751bdef9b9e11d1b971" "fetch" "--manifest-path" "Cargo.toml", kill_on_drop: false }`
[INFO] [stderr]     Blocking waiting for file lock on package cache
[INFO] [stderr]     Blocking waiting for file lock on package cache
[ERROR] error running command: no output for 300 seconds
[INFO] checking Kemperino/conductor-rs against 40527f3e444fde1deb361751bdef9b9e11d1b971+rustflags=--cfg crater_hack --force-warn invalid-c-variadic-arguments for pr-162478
[INFO] running `Command { std: "git" "clone" "/workspace/cache/git-repos/https%3A%2F%2Fgithub.com%2FKemperino%2Fconductor-rs" "/workspace/builds/worker-6-tc2/source", kill_on_drop: false }`
[INFO] [stderr] Cloning into '/workspace/builds/worker-6-tc2/source'...
[INFO] [stderr] done.
[INFO] started tweaking git repo https://github.com/Kemperino/conductor-rs
[INFO] finished tweaking git repo https://github.com/Kemperino/conductor-rs
[INFO] tweaked toml for git repo https://github.com/Kemperino/conductor-rs written to /workspace/builds/worker-6-tc2/source/Cargo.toml
[INFO] validating manifest of git repo https://github.com/Kemperino/conductor-rs on toolchain 40527f3e444fde1deb361751bdef9b9e11d1b971
[INFO] running `Command { std: CARGO_HOME="/workspace/cargo-home" RUSTUP_HOME="/workspace/rustup-home" "/workspace/cargo-home/bin/cargo" "+40527f3e444fde1deb361751bdef9b9e11d1b971" "metadata" "--manifest-path" "Cargo.toml" "--no-deps", kill_on_drop: false }`
[INFO] crate git repo https://github.com/Kemperino/conductor-rs already has a lockfile, it will not be regenerated
[INFO] running `Command { std: CARGO_HOME="/workspace/cargo-home" RUSTUP_HOME="/workspace/rustup-home" "/workspace/cargo-home/bin/cargo" "+40527f3e444fde1deb361751bdef9b9e11d1b971" "fetch" "--manifest-path" "Cargo.toml", kill_on_drop: false }`
[INFO] [stderr]     Blocking waiting for file lock on package cache
[INFO] [stderr]     Blocking waiting for file lock on package cache
[ERROR] error running command: no output for 300 seconds
[INFO] checking Kemperino/conductor-rs against 40527f3e444fde1deb361751bdef9b9e11d1b971+rustflags=--cfg crater_hack --force-warn invalid-c-variadic-arguments for pr-162478
[INFO] running `Command { std: "git" "clone" "/workspace/cache/git-repos/https%3A%2F%2Fgithub.com%2FKemperino%2Fconductor-rs" "/workspace/builds/worker-6-tc2/source", kill_on_drop: false }`
[INFO] [stderr] Cloning into '/workspace/builds/worker-6-tc2/source'...
[INFO] [stderr] done.
[INFO] started tweaking git repo https://github.com/Kemperino/conductor-rs
[INFO] finished tweaking git repo https://github.com/Kemperino/conductor-rs
[INFO] tweaked toml for git repo https://github.com/Kemperino/conductor-rs written to /workspace/builds/worker-6-tc2/source/Cargo.toml
[INFO] validating manifest of git repo https://github.com/Kemperino/conductor-rs on toolchain 40527f3e444fde1deb361751bdef9b9e11d1b971
[INFO] running `Command { std: CARGO_HOME="/workspace/cargo-home" RUSTUP_HOME="/workspace/rustup-home" "/workspace/cargo-home/bin/cargo" "+40527f3e444fde1deb361751bdef9b9e11d1b971" "metadata" "--manifest-path" "Cargo.toml" "--no-deps", kill_on_drop: false }`
[INFO] crate git repo https://github.com/Kemperino/conductor-rs already has a lockfile, it will not be regenerated
[INFO] running `Command { std: CARGO_HOME="/workspace/cargo-home" RUSTUP_HOME="/workspace/rustup-home" "/workspace/cargo-home/bin/cargo" "+40527f3e444fde1deb361751bdef9b9e11d1b971" "fetch" "--manifest-path" "Cargo.toml", kill_on_drop: false }`
[INFO] [stderr]     Blocking waiting for file lock on package cache
[INFO] [stderr]     Blocking waiting for file lock on package cache
[INFO] running `Command { std: "docker" "create" "-v" "/var/lib/crater-agent-workspace/builds/worker-6-tc2/source:/opt/rustwide/workdir:ro,Z" "-v" "/var/lib/crater-agent-workspace/builds/worker-6-tc2/target:/opt/rustwide/target:rw,Z" "-v" "/var/lib/crater-agent-workspace/cargo-home:/opt/rustwide/cargo-home:ro,Z" "-v" "/var/lib/crater-agent-workspace/rustup-home:/opt/rustwide/rustup-home:ro,Z" "-m" "1610612736" "--network" "none" "ghcr.io/rust-lang/crates-build-env/linux@sha256:8683fc1fc2eb5c9ac98e0d076ab094b2ffac7f99da555d2b6a2e27f346de2ec7" "sleep" "infinity", kill_on_drop: false }`
[INFO] [stdout] 39d3023b2e7d688b03ffb473df8058c7ea7aba7125e09f431fc469eb13d29fe2
[INFO] running `Command { std: "docker" "start" "39d3023b2e7d688b03ffb473df8058c7ea7aba7125e09f431fc469eb13d29fe2", kill_on_drop: false }`
[INFO] running `Command { std: "docker" "inspect" "39d3023b2e7d688b03ffb473df8058c7ea7aba7125e09f431fc469eb13d29fe2", kill_on_drop: false }`
[INFO] running `Command { std: "docker" "exec" "-e" "SOURCE_DIR=/opt/rustwide/workdir" "-e" "CARGO_HOME=/opt/rustwide/cargo-home" "-e" "RUSTUP_HOME=/opt/rustwide/rustup-home" "-e" "CARGO_TARGET_DIR=/opt/rustwide/target" "-w" "/opt/rustwide/workdir" "--user" "0:0" "39d3023b2e7d688b03ffb473df8058c7ea7aba7125e09f431fc469eb13d29fe2" "/opt/rustwide/cargo-home/bin/cargo" "+40527f3e444fde1deb361751bdef9b9e11d1b971" "metadata" "--no-deps" "--format-version=1", kill_on_drop: false }`
[INFO] running `Command { std: "docker" "inspect" "39d3023b2e7d688b03ffb473df8058c7ea7aba7125e09f431fc469eb13d29fe2", kill_on_drop: false }`
[INFO] running `Command { std: "docker" "exec" "-e" "SOURCE_DIR=/opt/rustwide/workdir" "-e" "CARGO_HOME=/opt/rustwide/cargo-home" "-e" "RUSTUP_HOME=/opt/rustwide/rustup-home" "-e" "CARGO_TARGET_DIR=/opt/rustwide/target" "-e" "CARGO_INCREMENTAL=0" "-e" "RUST_BACKTRACE=full" "-e" "RUSTFLAGS=--cap-lints=forbid --cfg crater_hack --force-warn invalid-c-variadic-arguments" "-e" "RUSTDOCFLAGS=--cap-lints=forbid" "-w" "/opt/rustwide/workdir" "--user" "0:0" "39d3023b2e7d688b03ffb473df8058c7ea7aba7125e09f431fc469eb13d29fe2" "/opt/rustwide/cargo-home/bin/cargo" "+40527f3e444fde1deb361751bdef9b9e11d1b971" "check" "--frozen" "--all" "--all-targets" "--message-format=json", kill_on_drop: false }`
[INFO] [stderr]     Checking http v1.4.0
[INFO] [stderr]     Checking futures-sink v0.3.32
[INFO] [stderr]    Compiling regex-syntax v0.8.10
[INFO] [stderr]     Checking slab v0.4.12
[INFO] [stderr]    Compiling zerocopy v0.8.48
[INFO] [stderr]     Checking socket2 v0.6.3
[INFO] [stderr]    Compiling phf_shared v0.11.3
[INFO] [stderr]     Checking generic-array v0.14.7
[INFO] [stderr]    Compiling zerovec-derive v0.11.3
[INFO] [stderr]    Compiling displaydoc v0.2.5
[INFO] [stderr]    Compiling yoke-derive v0.8.2
[INFO] [stderr]     Checking serde v1.0.228
[INFO] [stderr]     Checking tracing v0.1.44
[INFO] [stderr]    Compiling ring v0.17.14
[INFO] [stderr]     Checking zerofrom v0.1.8
[INFO] [stderr]    Compiling either v1.16.0
[INFO] [stderr]    Compiling rand v0.8.6
[INFO] [stderr]     Checking futures-util v0.3.32
[INFO] [stderr]    Compiling anyhow v1.0.102
[INFO] [stderr]    Compiling num-traits v0.2.19
[INFO] [stderr]    Compiling itertools v0.12.1
[INFO] [stderr]     Checking futures-channel v0.3.32
[INFO] [stderr]    Compiling typenum v1.20.0
[INFO] [stderr]     Checking tokio v1.52.3
[INFO] [stderr]    Compiling libc v0.2.186
[INFO] [stderr]     Checking block-buffer v0.10.4
[INFO] [stderr]     Checking crypto-common v0.1.7
[INFO] [stderr]    Compiling phf_generator v0.11.3
[INFO] [stderr]    Compiling getrandom v0.4.2
[INFO] [stderr]     Checking digest v0.10.7
[INFO] [stderr]     Checking http-body v1.0.1
[INFO] [stderr]    Compiling phf_codegen v0.11.3
[INFO] [stderr]    Compiling phf v0.11.3
[INFO] [stderr]    Compiling bitflags v2.11.1
[INFO] [stderr]    Compiling bytes v1.11.1
[INFO] [stderr]    Compiling linux-raw-sys v0.12.1
[INFO] [stderr]     Checking sha1 v0.10.6
[INFO] [stderr]     Checking getrandom v0.3.4
[INFO] [stderr]     Checking data-encoding v2.11.0
[INFO] [stderr]     Checking yoke v0.8.2
[INFO] [stderr]    Compiling fastrand v2.4.1
[INFO] [stderr]     Checking zerotrie v0.2.4
[INFO] [stderr]     Checking zerovec v0.11.6
[INFO] [stderr]    Compiling rustix v1.1.4
[INFO] [stderr]    Compiling petgraph v0.6.5
[INFO] [stderr]     Checking rand_core v0.9.5
[INFO] [stderr]     Checking chacha20 v0.10.0
[INFO] [stderr]    Compiling regex-automata v0.4.14
[INFO] [stderr]    Compiling prettyplease v0.2.37
[INFO] [stderr]    Compiling object v0.37.3
[INFO] [stderr]    Compiling chrono v0.4.44
[INFO] [stderr]    Compiling rust_decimal v1.42.0
[INFO] [stderr]    Compiling unicode-segmentation v1.13.2
[INFO] [stderr]    Compiling prost-derive v0.12.6
[INFO] [stderr]     Checking uuid v1.23.1
[INFO] [stderr]     Checking tinystr v0.8.3
[INFO] [stderr]     Checking potential_utf v0.1.5
[INFO] [stderr]     Checking icu_collections v2.2.0
[INFO] [stderr]     Checking icu_locale_core v2.2.0
[INFO] [stderr]    Compiling multimap v0.10.1
[INFO] [stderr]    Compiling cpp_demangle v0.4.5
[INFO] [stderr]     Checking debugid v0.8.0
[INFO] [stderr]    Compiling convert_case v0.10.0
[INFO] [stderr]     Checking rand v0.10.1
[INFO] [stderr]    Compiling sha2 v0.10.9
[INFO] [stderr]     Checking serde_json v1.0.150
[INFO] [stderr]     Checking http-body-util v0.1.3
[INFO] [stderr]    Compiling equator-macro v0.4.2
[INFO] [stderr]     Checking memmap2 v0.9.10
[INFO] [stderr]    Compiling findshlibs v0.10.2
[INFO] [stderr]    Compiling symbolic-demangle v12.18.3
[INFO] [stderr]     Checking rustc-demangle v0.1.27
[INFO] [stderr]     Checking arrayvec v0.7.6
[INFO] [stderr]     Checking icu_provider v2.2.0
[INFO] [stderr]    Compiling rustls v0.23.40
[INFO] [stderr]    Compiling tempfile v3.27.0
[INFO] [stderr]     Checking gimli v0.32.3
[INFO] [stderr]     Checking icu_properties v2.2.0
[INFO] [stderr]     Checking icu_normalizer v2.2.0
[INFO] [stderr]    Compiling regex v1.12.3
[INFO] [stderr]     Checking equator v0.4.2
[INFO] [stderr]    Compiling openraft-macros v0.10.0-alpha.20
[INFO] [stderr]    Compiling prost v0.12.6
[INFO] [stderr]    Compiling derive_more-impl v2.1.1
[INFO] [stderr]     Checking serde_urlencoded v0.7.1
[INFO] [stderr]     Checking miniz_oxide v0.8.9
[INFO] [stderr]     Checking clap_builder v4.6.0
[INFO] [stderr]     Checking symbolic-common v12.18.3
[INFO] [stderr]    Compiling parse-zoneinfo v0.3.1
[INFO] [stderr]    Compiling prost-types v0.12.6
[INFO] [stderr]    Compiling clap_derive v4.6.1
[INFO] [stderr]     Checking openraft-rt v0.10.0-alpha.20
[INFO] [stderr]     Checking anyerror v0.1.13
[INFO] [stderr]    Compiling chrono-tz-build v0.2.1
[INFO] [stderr]     Checking rustls-webpki v0.103.13
[INFO] [stderr]     Checking idna_adapter v1.2.2
[INFO] [stderr]    Compiling chrono-tz v0.8.6
[INFO] [stderr]     Checking utf8-width v0.1.8
[INFO] [stderr]     Checking idna v1.1.0
[INFO] [stderr]     Checking byte-unit v5.2.0
[INFO] [stderr]     Checking itertools v0.14.0
[INFO] [stderr] error: could not compile `tokio` (lib)
[INFO] [stderr] 
[INFO] [stderr] Caused by:
[INFO] [stderr]   process didn't exit successfully: `/opt/rustwide/rustup-home/toolchains/40527f3e444fde1deb361751bdef9b9e11d1b971/bin/rustc --crate-name tokio --edition=2021 /opt/rustwide/cargo-home/registry/src/index.crates.io-1949cf8c6b5b557f/tokio-1.52.3/src/lib.rs --error-format=json --json=diagnostic-rendered-ansi,artifacts,future-incompat,unused-externs-silent --crate-type lib --emit=dep-info,metadata -C embed-bitcode=no -C debuginfo=2 --cfg 'feature="bytes"' --cfg 'feature="default"' --cfg 'feature="fs"' --cfg 'feature="io-util"' --cfg 'feature="libc"' --cfg 'feature="macros"' --cfg 'feature="mio"' --cfg 'feature="net"' --cfg 'feature="rt"' --cfg 'feature="rt-multi-thread"' --cfg 'feature="signal"' --cfg 'feature="signal-hook-registry"' --cfg 'feature="socket2"' --cfg 'feature="sync"' --cfg 'feature="time"' --cfg 'feature="tokio-macros"' --check-cfg 'cfg(docsrs,test)' --check-cfg 'cfg(feature, values("bytes", "default", "fs", "full", "io-std", "io-uring", "io-util", "libc", "macros", "mio", "net", "parking_lot", "process", "rt", "rt-multi-thread", "signal", "signal-hook-registry", "socket2", "sync", "taskdump", "test-util", "time", "tokio-macros", "tracing", "windows-sys"))' -C metadata=18a24b821098701f -C extra-filename=-cf13b2f918e034d8 --out-dir /opt/rustwide/target/debug/build/tokio/cf13b2f918e034d8/out -L dependency=/opt/rustwide/target/debug/build/errno/24b594bae708eb3a/out -L dependency=/opt/rustwide/target/debug/build/libc/5103143663f26da4/out --extern bytes=/opt/rustwide/target/debug/build/bytes/936dcf7c27fb7983/out/libbytes-936dcf7c27fb7983.rmeta --extern libc=/opt/rustwide/target/debug/build/libc/5103143663f26da4/out/liblibc-5103143663f26da4.rmeta --extern mio=/opt/rustwide/target/debug/build/mio/90a470d5a7ad45e9/out/libmio-90a470d5a7ad45e9.rmeta --extern pin_project_lite=/opt/rustwide/target/debug/build/pin-project-lite/939ff28c23f518de/out/libpin_project_lite-939ff28c23f518de.rmeta --extern signal_hook_registry=/opt/rustwide/target/debug/build/signal-hook-registry/c32b2af4230c5ff6/out/libsignal_hook_registry-c32b2af4230c5ff6.rmeta --extern socket2=/opt/rustwide/target/debug/build/socket2/68cfab3e33390006/out/libsocket2-68cfab3e33390006.rmeta --extern tokio_macros=/opt/rustwide/target/debug/build/tokio-macros/b0f26e31142da105/out/libtokio_macros-b0f26e31142da105.so --cap-lints allow --cap-lints=forbid --cfg crater_hack --force-warn invalid-c-variadic-arguments --force-warn=unused_crate_dependencies` (signal: 9, SIGKILL: kill)
[INFO] [stderr] warning: build failed, waiting for other jobs to finish...
[INFO] [stderr] error: could not compile `zerocopy` (lib)
[INFO] [stderr] 
[INFO] [stderr] Caused by:
[INFO] [stderr]   process didn't exit successfully: `/opt/rustwide/rustup-home/toolchains/40527f3e444fde1deb361751bdef9b9e11d1b971/bin/rustc --crate-name zerocopy --edition=2021 /opt/rustwide/cargo-home/registry/src/index.crates.io-1949cf8c6b5b557f/zerocopy-0.8.48/src/lib.rs --error-format=json --json=diagnostic-rendered-ansi,artifacts,future-incompat,unused-externs-silent --crate-type lib --emit=dep-info,metadata -C embed-bitcode=no -C debuginfo=2 --cfg 'feature="simd"' --check-cfg 'cfg(docsrs,test)' --check-cfg 'cfg(feature, values("__internal_use_only_features_that_work_on_stable", "alloc", "derive", "float-nightly", "simd", "simd-nightly", "std", "zerocopy-derive"))' -C metadata=ec31044ba35aed5b -C extra-filename=-42f301af4c26e4d4 --out-dir /opt/rustwide/target/debug/build/zerocopy/42f301af4c26e4d4/out --cap-lints allow --cap-lints=forbid --cfg crater_hack --force-warn invalid-c-variadic-arguments --force-warn=unused_crate_dependencies --check-cfg 'cfg(no_zerocopy_simd_x86_avx12_1_89_0)' --check-cfg 'cfg(rust, values("1.89.0"))' --check-cfg 'cfg(no_zerocopy_core_error_1_81_0)' --check-cfg 'cfg(rust, values("1.81.0"))' --check-cfg 'cfg(no_zerocopy_diagnostic_on_unimplemented_1_78_0)' --check-cfg 'cfg(rust, values("1.78.0"))' --check-cfg 'cfg(no_zerocopy_generic_bounds_in_const_fn_1_61_0)' --check-cfg 'cfg(rust, values("1.61.0"))' --check-cfg 'cfg(no_zerocopy_target_has_atomics_1_60_0)' --check-cfg 'cfg(rust, values("1.60.0"))' --check-cfg 'cfg(no_zerocopy_aarch64_simd_1_59_0)' --check-cfg 'cfg(rust, values("1.59.0"))' --check-cfg 'cfg(no_zerocopy_aarch64_simd_be_1_87_0)' --check-cfg 'cfg(rust, values("1.87.0"))' --check-cfg 'cfg(no_zerocopy_panic_in_const_and_vec_try_reserve_1_57_0)' --check-cfg 'cfg(rust, values("1.57.0"))' --check-cfg 'cfg(doc_cfg)' --check-cfg 'cfg(kani)' --check-cfg 'cfg(__ZEROCOPY_INTERNAL_USE_ONLY_NIGHTLY_FEATURES_IN_TESTS)' --check-cfg 'cfg(__ZEROCOPY_INTERNAL_USE_ONLY_DEV_MODE)' --check-cfg 'cfg(coverage_nightly)' --check-cfg 'cfg(zerocopy_inline_always)'` (signal: 9, SIGKILL: kill)
[INFO] running `Command { std: "docker" "inspect" "39d3023b2e7d688b03ffb473df8058c7ea7aba7125e09f431fc469eb13d29fe2", kill_on_drop: false }`
[INFO] running `Command { std: "docker" "rm" "-f" "39d3023b2e7d688b03ffb473df8058c7ea7aba7125e09f431fc469eb13d29fe2", kill_on_drop: false }`
[INFO] [stdout] 39d3023b2e7d688b03ffb473df8058c7ea7aba7125e09f431fc469eb13d29fe2
